NOAA-Style Climate Reports

Select a Year or Month report
2018: Jan Feb Mar Apr May Jun Jul Aug Sep Oct Nov Dec
2017: Jan Feb Mar Apr May Jun Jul Aug Sep Oct Nov Dec
2016: Jan Feb Mar Apr May Jun Jul Aug Sep Oct Nov Dec
2015: Jan Feb Mar Apr May Jun Jul Aug Sep Oct Nov Dec
2014: Jan Feb Mar Apr May Jun Jul Aug Sep Oct Nov Dec
2013: Jan Feb Mar Apr May Jun Jul Aug Sep Oct Nov Dec

Report for 2018 February
                   MONTHLY CLIMATOLOGICAL SUMMARY for FEB. 2018

NAME: Heathcote   CITY: Heathcote   STATE: NSW 
ELEV:   210 m  LAT:  34° 06' 28" S  LONG: 150° 59' 34" E

                   TEMPERATURE (°C), RAIN  (mm), WIND SPEED (km/hr)

                                      HEAT  COOL        AVG
    MEAN                              DEG   DEG         WIND                 DOM
DAY TEMP  HIGH   TIME   LOW    TIME   DAYS  DAYS  RAIN  SPEED HIGH   TIME    DIR
------------------------------------------------------------------------------------
 1  17.6  22.4   3:00p  14.4   7:00a   1.6   0.9   0.0   2.7  29.0   1:00a   WSW
 2  17.9  23.6   2:00p  12.9   5:30a   1.6   1.2   0.0   0.6  32.2   3:00p     W
 3  18.6  22.9   2:00p  15.3   6:30a   1.0   1.2   3.8   0.6  24.1   2:00p     W
 4  19.3  24.5   2:00p  15.6   5:00a   0.9   1.9   0.2   0.8  22.5   1:00p   WSW
 5  20.3  27.7   2:00p  14.5   7:00a   1.0   3.0   0.2   0.3  20.9   4:30p   ESE
 6  21.3  28.0   3:00p  16.6   7:00a   0.4   3.4   0.0   0.8  22.5   5:00p   ESE
 7  22.7  28.5   1:00p  18.8  12:30a   0.0   4.4   0.0   0.5  20.9   1:30p   ESE
 8  23.7  33.1   2:00p  16.3   6:30a   0.3   5.7   0.0   0.0  17.7  12:00p     E
 9  22.8  31.0   2:30p  19.3   5:00a   0.0   4.5   3.6   1.0  32.2   4:00p     S
10  23.7  30.8   2:30p  19.2   3:00a   0.0   5.4   1.0   0.2  19.3  10:30p     W
11  21.9  29.3  11:00a  19.4   6:00a   0.0   3.7   0.2   2.4  30.6  12:30p     S
12  23.0  30.0  12:00p  18.2   5:00a   0.0   4.7   0.0   0.3  22.5   3:00p   ESE
13  23.1  27.8   5:00p  19.8   8:00a   0.0   4.8   0.0   0.2  22.5   3:00p   ESE
14  27.4  37.4   4:00p  19.8  12:00m   0.0   9.1   0.0   4.0  43.5   3:00p   WNW
15  23.2  30.9   2:00p  18.0   7:00a   0.0   4.9   0.0   0.3  27.4  12:30a   ENE
16  21.6  26.8  11:30a  16.4   6:30a   0.2   3.4   0.2   0.8  27.4   5:00p     S
17  23.0  29.3   1:30p  18.2   6:00a   0.0   4.7   0.0   0.0  19.3   2:30p   ESE
18  24.2  31.3   1:00p  19.3   7:00a   0.0   5.9   0.0   0.2  22.5   2:30p   ESE
19  21.0  21.7  12:30a  20.5   4:30a   0.0   0.6   0.0   0.0   1.6   5:00a     E
20
21
22
23
24
25
26
27
28
-------------------------------------------------------------------------------------
    21.9  37.4    14    12.9     2     7.0  73.4   9.2   0.8  43.5    14     ESE

Max >=  32.0:  2
Max <=   0.0:  0
Min <=   0.0:  0
Min <= -18.0:  0
Max Rain: 3.81 ON 03/02/18
Days of Rain: 7 (> .2 mm) 2 (> 2 mm) 0 (> 20 mm)
Heat Base:  18.3  Cool Base:  18.3  Method: Integration