NOAA-Style Climate Reports

Select a Year or Month report
2017: Jan Feb Mar Apr May Jun Jul Aug Sep Oct Nov Dec
2016: Jan Feb Mar Apr May Jun Jul Aug Sep Oct Nov Dec
2015: Jan Feb Mar Apr May Jun Jul Aug Sep Oct Nov Dec
2014: Jan Feb Mar Apr May Jun Jul Aug Sep Oct Nov Dec
2013: Jan Feb Mar Apr May Jun Jul Aug Sep Oct Nov Dec

Report for 2017 December
                   MONTHLY CLIMATOLOGICAL SUMMARY for DEC. 2017

NAME: Heathcote   CITY: Heathcote   STATE: NSW 
ELEV:   210 m  LAT:  34° 06' 28" S  LONG: 150° 59' 34" E

                   TEMPERATURE (°C), RAIN  (mm), WIND SPEED (km/hr)

                                      HEAT  COOL        AVG
    MEAN                              DEG   DEG         WIND                 DOM
DAY TEMP  HIGH   TIME   LOW    TIME   DAYS  DAYS  RAIN  SPEED HIGH   TIME    DIR
------------------------------------------------------------------------------------
 1  23.4  30.0   3:00p  18.2   5:00a   0.0   5.1   0.2   0.3  19.3   2:00p   ESE
 2  21.1  28.9   2:00p  16.9   4:00p   0.3   3.1  12.8   0.8  35.4   3:30p     E
 3  19.7  26.2   2:00p  14.1   6:30a   1.0   2.4   0.2   2.1  27.4  10:00a   WNW
 4  15.7  17.6  11:30a  14.2   7:30a   2.6   0.0   4.2   2.6  35.4  10:00a     W
 5  17.4  22.3   1:00p  14.2   2:30a   1.6   0.7   2.2   6.4  45.1   4:00p     W
 6  18.8  23.4   6:30p  15.4   5:00a   0.9   1.4   2.2   0.5  19.3   9:00a   WNW
 7  22.8  31.6   3:30p  14.8   6:00a   0.7   5.2   0.0   0.8  22.5  11:30a   WNW
 8  20.3  27.7  11:00a  15.7  12:00m   0.4   2.4   6.8   2.3  32.2   4:30p   SSE
 9  18.3  23.9   3:30p  13.8   6:30a   1.4   1.4   0.4   0.0  17.7   4:30p     E
10  20.2  25.3   1:30p  15.4   6:30a   0.8   2.7   0.0   0.3  22.5   3:30p     E
11  21.6  28.2   1:00p  15.6   6:00a   0.6   3.9   0.0   0.0  16.1   1:30p     E
12  22.4  27.5   2:00p  18.8   1:00a   0.0   4.1   0.0   0.2  22.5   3:30p     E
13  23.6  30.4   1:00p  17.0   6:30a   0.1   5.4   0.0   0.2  20.9   5:30p     E
14  27.2  40.1   2:00p  18.7   6:30a   0.0   8.9   0.0   0.3  22.5  12:00p   ESE
15  21.2  24.1   5:30p  18.8   7:00a   0.0   2.9   0.8   2.3  37.0   3:30a   WSW
16  25.3  34.2  12:00p  20.2   5:30a   0.0   7.1   0.4   0.2  22.5  11:00p     E
17  20.9  24.2   3:30p  19.5   4:30a   0.0   2.6   1.8   0.6  27.4   8:30a   SSE
18  22.9  29.9  11:30a  20.2   6:00a   0.0   2.7   1.2   0.0  17.7   1:00p   SSE
19
20
21
22
23
24
25
26
27
28
29
30
31
-------------------------------------------------------------------------------------
    21.3  40.1    14    13.8     9    10.4  61.8  33.2   1.1  45.1     5       W

Max >=  32.0:  2
Max <=   0.0:  0
Min <=   0.0:  0
Min <= -18.0:  0
Max Rain: 12.80 ON 02/12/17
Days of Rain: 12 (> .2 mm) 5 (> 2 mm) 0 (> 20 mm)
Heat Base:  18.3  Cool Base:  18.3  Method: Integration