NOAA-Style Climate Reports

Select a Year or Month report
2017: Jan Feb Mar Apr May Jun Jul Aug Sep Oct Nov Dec
2016: Jan Feb Mar Apr May Jun Jul Aug Sep Oct Nov Dec
2015: Jan Feb Mar Apr May Jun Jul Aug Sep Oct Nov Dec
2014: Jan Feb Mar Apr May Jun Jul Aug Sep Oct Nov Dec
2013: Jan Feb Mar Apr May Jun Jul Aug Sep Oct Nov Dec

Report for 2017 October
                   MONTHLY CLIMATOLOGICAL SUMMARY for OCT. 2017

NAME: Heathcote   CITY: Heathcote   STATE: NSW 
ELEV:   210 m  LAT:  34° 06' 28" S  LONG: 150° 59' 34" E

                   TEMPERATURE (°C), RAIN  (mm), WIND SPEED (km/hr)

                                      HEAT  COOL        AVG
    MEAN                              DEG   DEG         WIND                 DOM
DAY TEMP  HIGH   TIME   LOW    TIME   DAYS  DAYS  RAIN  SPEED HIGH   TIME    DIR
------------------------------------------------------------------------------------
 1  14.1  21.4  12:00p   8.6   5:00a   4.5   0.3   0.0   0.8  22.5   9:00a    SE
 2  17.1  22.9   1:30p  12.1  12:30a   2.2   0.9   0.0   0.3  20.9   3:00p    SE
 3  17.9  24.9   1:30p  14.1   6:00a   1.7   1.3   0.0   0.0  11.3  12:30p   ENE
 4  16.9  21.6  12:30p  13.8   3:00a   1.9   0.5   0.2   1.0  25.7   9:30a   WSW
 5  19.8  27.2   2:30p  13.3   6:00a   1.2   2.7   0.2   0.2  24.1  11:00p     E
 6  17.1  20.2   4:00a  13.5  12:00m   1.6   0.3   0.0   2.3  33.8   6:30a   WSW
 7  14.0  19.3   1:00p   9.3   6:30a   4.3   0.0   0.0   1.1  27.4   3:30p   WSW
 8  15.8  20.4   2:00p  10.9  12:30a   2.8   0.4   0.2   0.0   8.0   8:30a     N
 9  21.0  31.5   2:00p  14.6   2:30a   1.4   4.1   0.8   3.1  33.8   1:00p   WNW
10  17.1  20.5   1:30p  14.3   6:00a   1.5   0.3   0.0   0.2  16.1   1:30a     E
11  19.2  23.6   5:00p  16.9  12:30a   0.4   1.2   0.8   0.0  17.7   9:30a   ENE
12  19.7  26.4   1:00p  13.6  12:00m   0.9   2.3   1.2   2.6  33.8  11:00a   WNW
13  17.7  24.8  12:30p  11.8   4:30a   2.2   1.6   0.2   0.3  20.9  11:00p     E
14  15.6  17.9  11:00a  14.3   7:00a   2.8   0.0   0.4   1.8  30.6   6:00a   WSW
15  16.9  21.1  11:30a  13.7   5:30a   1.9   0.5   0.0   0.3  16.1   8:30a    SE
16  17.3  22.3   3:30p  13.9   2:30a   1.9   1.0   0.2   0.5  19.3   1:00p    SE
17  18.7  24.9   1:00p  14.5  12:30a   1.2   1.5   0.0   0.3  20.9   2:00p     E
18
19
20
21
22
23
24
25
26
27
28
29
30
31
-------------------------------------------------------------------------------------
    17.4  31.5     9     8.6     1    34.3  19.1   4.2   0.9  33.8     6     WSW

Max >=  32.0:  0
Max <=   0.0:  0
Min <=   0.0:  0
Min <= -18.0:  0
Max Rain: 1.19 ON 12/10/17
Days of Rain: 9 (> .2 mm) 0 (> 2 mm) 0 (> 20 mm)
Heat Base:  18.3  Cool Base:  18.3  Method: Integration